mposite number?
True
Let t be 6/12 - 1/(-2). Suppose 3*h - 5*w - t = -h, h + w = 7. Suppose h*s - 2177 + 373 = 0. Is s composite?
True
Let g = 5 + -2. Suppose g*u = -2*u + 2040. Suppose -2*r + u = -126. Is r a composite number?
True
Let t(r) = r**2 - r - 7. Let n be t(4). Suppose -o + 1221 = o + 5*s, 0 = -5*s - n. Is o prime?
True
Let k(v) = 5*v + 11. Let l be k(-7). Let m = l + 10. Let h(n) = -n**2 - 16*n + 3. Is h(m) a composite number?
False
Let p = 0 - 0. Suppose 4*k - 64 = -p*k. Is ((-148)/k)/(1/(-8)) prime?
False
Suppose 5*k - 2*p - 7125 = 19234, 2*k + 5*p - 10561 = 0. Is k composite?
False
Let b(p) = -p**3 - 12*p**2 + 2. Let h be b(-12). Let o be 266 + h/(-1 + 0). Suppose -5*y + o = -331. Is y a composite number?
True
Let f(s) = s**2 + 14*s. Let c be f(-16). Let d be (c/(-6))/((-6)/9). Is (-28)/d*-2*41 a prime number?
False
Suppose 66692 = 39*c - 35*c. Is c composite?
False
Let s(a) = a**3 + 10*a**2 + 9*a + 4. Let u be s(-9). Let y(q) = 4*q**3 - q**2 - 3*q + 5*q**2 + 7 - 2*q**3 + q**2. Is y(u) composite?
True
Let p(i) = -19 - 11*i + 39 + 15 - 2*i. Is p(-6) prime?
True
Suppose -r - 2*o = -23547, -7*r - 3*o = -4*r - 70644. Is r prime?
True
Let u(m) = -20*m - 9. Let g = -5 + 8. Let q be -4 + (-2 - (14 - g)). Is u(q) prime?
True
Let j(v) = -46*v - 52*v - 33*v. Is j(-1) a composite number?
False
Let x = 365 + -684. Let y = -168 + x. Let i = -68 - y. Is i composite?
False
Let i be (3/(-6) + 3)*334. Suppose 5*f - 420 = i. Is f a composite number?
False
Is 33/(-396) - (-27626)/24 a prime number?
True
Let w(k) = -38*k - 55. Is w(-27) composite?
False
Let t(x) = -14*x**3 + x**2 + 3*x - 2. Let w be t(-3). Let b = -79 + 44. Let v = b + w. Is v prime?
False
Let j(l) = -465*l - 34. Is j(-5) composite?
True
Let y = 68 - 64. Suppose z = 5*x + 1136, -4*z + y*x + 4601 = 3*x. Is z a composite number?
False
Is (2/(-2))/(6 - (-241775)/(-40295)) a composite number?
False
Let f(u) be the first derivative of -u**2/2 + u - 2. Let j be f(-8). Is (-2036)/(-10) - j/15 prime?
False
Suppose 13*t = 9*t, 5*h - 2*t = 1015. Is h a composite number?
True
Let i(n) = 5960*n - 19. Is i(3) a prime number?
False
Suppose -3*t + 34 = 6*s - 29, -2*s + t + 31 = 0. Is s prime?
True
Let a = -7093 + 13595. Is a prime?
False
Suppose -36*k = -19*k - 120173. Is k a composite number?
False
Is 618196/32 - (-6)/16 a prime number?
True
Is (-10635350)/(-154) + -4*3/(-42) composite?
False
Let l(p) = p**2 - 4*p + 4. Let k be l(4). Suppose k*z = 375 + 413. Is z/(-1*(-2)/10) composite?
True
Let o = 5 + -5. Suppose i = -3*j + 4*i + 897, o = -4*i. Is j prime?
False
Suppose 5*f + 39636 = 3*z, -3*z + z + 26422 = -4*f. Is z a prime number?
True
Suppose -k = -133 - 267. Let v(a) = 10*a**3 + 3*a**2 + 4*a - 4. Let u be v(3). Suppose -u - k = -5*p. Is p a composite number?
True
Suppose 0 = -m + 309 + 219. Suppose -5 = 4*z + v, 0 = -3*z - 4*v + 4 - 24. Suppose 2*a - 458 - m = z. Is a a prime number?
False
Suppose -191*g + 176*g = -89265. Is g a composite number?
True
Suppose 0 = 3*s + 5*j - 6412, 1071 = 2*s + 3*j - 3202. Is s composite?
False
Let o(i) = -i**3 + 5*i**2 + 4. Let q be o(5). Let a(y) = y**3 - 3*y**2 - 2*y - 1. Let s be a(q). Suppose 2*b - 5*g = 158, 0 = -4*g + s - 23. Is b composite?
True
Is ((-6)/(-12))/(9/66546) prime?
True
Let r(n) = -6*n - 75. Is r(-18) composite?
True
Let d(q) = -81*q + 412. Is d(-31) a prime number?
False
Let x(r) = r**3 + 21*r**2 + 26*r + 1. Let g be x(-21). Is (18/(-15))/(2/g) a composite number?
True
Let q = -721 - -1800. Is q composite?
True
Is -1*(-2)/6*(4072 + -1) a composite number?
True
Suppose -16*z - 66293 = -5*t - 18*z, 3*z + 53039 = 4*t. Is t a composite number?
False
Let s(b) = -3*b + 33*b**2 + 35*b**2 + 2*b**2 + 6. Is s(-4) prime?
False
Let j = 1100 - -3103. Is j/27 - 2/3 a prime number?
False
Let n = 6171 + -3821. Suppose 4*b - 3*t = 2*t + n, 587 = b - t. Is (1/(-1))/((-9)/b) a prime number?
False
Let n(h) = h**3 + 22*h**2 + h + 24. Let y be n(-22). Suppose 0 = -4*v + 5*i + 647, 0 = -7*v + 3*v + y*i + 650. Is v prime?
True
Suppose 0 = 13*i - 20396 - 9933. Is i a composite number?
False
Let u = -18691 - -30888. Is u prime?
True
Let h(d) = 3*d + 1025. Let o be h(0). Suppose 0 = 4*v - 1779 - o. Is v a prime number?
True
Let h = -14 - -12. Let k be (-5)/h*(-5 - 1). Is 5*(3 + 39/k) composite?
False
Let k(j) = j**3 - 17*j**2 - 18*j + 3. Let z be k(18). Suppose 19 + 5 = -3*m - z*p, -p = -4*m - 52. Is ((-218)/(-6))/((-4)/m) prime?
True
Let p(o) = -o + 19. Let f be p(14). Suppose -402 - 143 = -f*t. Suppose 4*h + 660 = 4*m, 3*m = -2*h + t + 366. Is m prime?
False
Let q = -19 + 39. Let h be (32/q)/(10/25). Suppose 0 = -z - 1, h*f - 834 = z - 3*z. Is f composite?
True
Let u be (-3 + 6)*1 - 6. Let g(x) = 19*x**2 + 4*x - 10. Is g(u) composite?
False
Let m = -6800 + 13269. Is m composite?
False
Let p = -109 + -184. Let q(y) = 2*y + 18. Let a be q(-7). Is p/(0 - (a + -3)) composite?
False
Let z be -3 - (-1 + 1 - 3) - -3. Suppose 4*i = 2*n + 3*n + 298, 6 = z*n. Is i composite?
True
Let t(i) = 93*i**2 - 3*i + 35. Is t(6) a prime number?
False
Let p(n) = -218*n - 7. Let i be p(-4). Suppose -m + i = -z, 7 = -2*z + 3. Is m a composite number?
False
Suppose -r = 2*r - 9. Let g be 4 - r - (-5)/5. Is (g + 1)/((-9)/(-921)) a composite number?
False
Is -6 + (16 + -11)*737/5 prime?
False
Let j = -64457 + 114926. Is j prime?
False
Let i be -6*8/(-12) + -1 + 1057. Suppose y + i = 5*y. Is y composite?
True
Let m(s) be the third derivative of s**5/60 + s**4/3 - 11*s**3/6 + 7*s**2. Let n be m(-10). Let o(v) = -v**3 + 9*v**2 + 8*v + 5. Is o(n) a composite number?
True
Let l(p) = p**2 + 17*p + 6. Let g be l(-16). Is (-20)/(-50) + (-15966)/g composite?
False
Let i be (-5 + 2)/(-4 - -3). Suppose -u - 21 = -5*u - c, -i*c + 27 = 3*u. Is (-291)/(-1)*u/6 composite?
True
Let w(j) = j**3 - 8*j**2 - 8*j - 11. Let x be w(9). Is (237/(-6))/(x/28) prime?
False
Suppose x + 518 = 3*a, -19 = 5*a + 4*x - 905. Let r = 297 - a. Is r composite?
True
Suppose 14*c = 16*c - 34. Let z(y) = 8*y + 13*y - y - c. Is z(14) prime?
True
Let d(x) = x**3 - 4*x**2 - 10*x - 2. Let g be d(-4). Let z = 164 - g. Is z prime?
False
Let c be (-2)/6 + (-624)/(-9) + 6. Suppose c + 43 = s. Is s a composite number?
True
Suppose -2955 = 4*p - 7*p. Is p a prime number?
False
Suppose 7*o - 2093 = 1141. Suppose 2*s = o - 64. Is s prime?
True
Let j(q) = -4*q - 21. Let l be j(-6). Is -1*(1/l)/((-3)/5283) composite?
False
Let u = 5542 - 2379. Is u composite?
False
Let t(n) = 5866*n + 3. Is t(2) a composite number?
True
Let y(j) = 10*j + 21*j - 10*j + 14*j - 13. Suppose 0 = 2*z - n - 9, n = 5*z - n - 22. Is y(z) composite?
False
Let k(u) = -7*u**2 - 3*u + 0*u**3 + 2 + u**3 - 4. Let i be k(4). Let g = i + 93. Is g a prime number?
True
Let r(u) = -u**2 + u + 38. Let o be 3/(-2) - (-6)/4. Is r(o) composite?
True
Is 32119 - (5 + 8 + -7) a prime number?
False
Suppose -563*x = -557*x - 74706. Is x a prime number?
True
Let b be 182 - (7 - 2 - 9). Is ((-27)/(-6) - 4)*b prime?
False
Let b = 92814 - 41485. Is b composite?
False
Let p = 14 + -13. Is 1360 - (2 - (0 - p)) a prime number?
False
Is (-5)/((-10)/2)*2447 a prime number?
True
Is (-1826*3/(-12))/(1/2) prime?
False
Let w = -154 + 158. Suppose 2*q - 4266 = -w*k, -2 = -2*k + k. Is q a prime number?
True
Let r(j) = 78*j**3 - 4*j**2 + j + 2. Let w be r(3). Suppose 0*z - 5*z - 2*s = -w, -2*s + 830 = 2*z. Is z a composite number?
True
Let n(a) = -901*a**3 - a**2 - a. Is n(-1) a composite number?
True
Let a(t) = -10899*t - 2. Is a(-1) composite?
True
Suppose -5 = -4*x + 11, 4*z = 2*x + 3276. Is z a composite number?
False
Suppose -o + 25 = -2*k, 1 = -2*o - 1. Let i(x) be the second derivative of -x**3/2 - 2*x**2 + 8*x. Is i(k) composite?
True
Let u(i) = 2*i**3 - 5*i**2 + 3*i + 3. Let g be u(4). Let w = g - 56. Is w a composite number?
False
Suppose 0 = 2*d - 8 + 4. Let y(t) = 11*t**2 + 2*t**d + 19*t**2 + 4*t - 5. Is y(-7) a prime number?
False
Suppose 0 = 3*h - 6*h. Suppose -4*n + 2232 - 380 = h. Is n a prime number?
True
Suppose 3 = -2*b + 7. Suppose b*q = -2*f + 100, 4*q + 106 = 3*f - 44. Suppose f = h + 4*h. Is h composite?
True
Suppose -6*t = 14 - 728. Let r(y) = y + 1. Let v be r(-1). Suppose 5*u = -g - v*g + t, 4*g + 30 = 2*u. Is u prime?
True
Let p = 2341 + -1428. Is p a composite number